.
-12
Let c(b) = -2*b + 9. Let n be c(6). Let g(p) = -5*p**2 + 59*p + 2. Let t(o) = -2*o**2 + 22*o + 1. Let q(u) = -3*g(u) + 8*t(u). Calculate q(n).
-4
Let n(i) = -1 + 2 - 12 + 6 - i**2 + 3. Determine n(-2).
-6
Let b(x) = -2 - x**2 - 15*x + 13 + 0 + 5*x. What is b(-8)?
27
Let x(a) = a**3 + 4*a**2 + a - 3. Let l(m) = 4*m**3 - m**2 + 2*m - 1. Let b be l(1). Let o = 27 + b. Let y = -34 + o. What is x(y)?
3
Let t(a) be the second derivative of -13*a**3/6 + 3*a**2/2 - 13*a. Let j be t(-2). Let x(b) = -7*b**2 + 12*b - j*b - b**3 + 6*b + 7 + 6*b. Calculate x(-6).
1
Suppose 4*j - 8 = 2*j. Let g(y) = y - 6. Let u(f) = f - 5. Let s(p) = -3*g(p) + 2*u(p). Let o(a) = -2*a + 17. Let v(c) = -6*o(c) + 13*s(c). What is v(j)?
-2
Let z(r) = r**3 - 9*r**2 - r. Let n(v) = -2*v - 13. Suppose 0 = -2*i + j - 24, 0 = -i + j + 3 - 16. Let u be n(i). What is z(u)?
-9
Suppose 5*m + 5 = -4*l, -6 = -24*l + 27*l + 3*m. Let w(a) = -a**2 + 6*a + 6. Give w(l).
-49
Let o(c) be the third derivative of -c**5/60 + 5*c**4/12 - 5*c**3/2 + 22*c**2 + 3. Determine o(9).
-6
Suppose 0 = r + 2*z + 9, 16*r - 2*z + 21 = 11*r. Let f(l) = -l**3 - 4*l**2 + 4*l - 3. Determine f(r).
2
Let y(p) be the second derivative of -p**2 + 0 - 13/6*p**3 + 47*p. Calculate y(2).
-28
Let y(b) be the first derivative of -3*b + 6 + 3/2*b**2 + 1/4*b**4 - 2/3*b**3. Give y(2).
3
Let x(z) be the third derivative of -1/24*z**4 + 0*z + z**2 + 2/3*z**3 + 0. Let a be x(0). Let m(u) = -u + 1. Calculate m(a).
-3
Let w(y) = -24 + 15 + 4 - 2*y. Determine w(7).
-19
Let p(v) be the third derivative of v**6/120 - v**3/6 - 2*v**2 + 126*v. Determine p(3).
26
Let x(y) be the third derivative of 1/120*y**5 - 1/3*y**4 + 2*y**2 + 0 + y**3 + 0*y. Let z(h) be the first derivative of x(h). Determine z(7).
-1
Suppose -27*b - 24 = -21*b. Let j(p) = -p**3 - 3*p**2 + 5*p + 5. What is j(b)?
1
Let q be 2*(-57)/(-3) - 4. Let f = q - 33. Let z(w) = 2*w**2 - w + 1. Give z(f).
2
Let w = 9 - 0. Let j = -2 + w. Let p(h) be the third derivative of h**6/120 - 7*h**5/60 - h**4/12 + h**3 + 41*h**2 + 2*h. Determine p(j).
-8
Let g = 522 - 516. Let w(t) be the third derivative of -1/20*t**g + 0*t**4 + 1/30*t**5 - 4*t**2 + 0*t - 1/6*t**3 + 0. Determine w(1).
-5
Let i = -2 - -1. Let j(a) be the second derivative of -a**6/72 - a**5/120 - a**4/24 + 7*a**3/6 + 5*a. Let n(z) be the second derivative of j(z). What is n(i)?
-5
Let y(b) = b**2 + 6*b - 8. Suppose 0 = -5*m - 2*i - 41, 3*m - 8*m - i = 38. What is y(m)?
-1
Let u(w) = w**2 - 7*w - 6. Let q(p) = p**2 - 8*p + 25. Let l be q(6). Suppose 5*f - 2*b - 27 = 4, 3*f - 4*b - 13 = 0. Let n = l - f. Calculate u(n).
-12
Let b(i) be the first derivative of 2*i**3 + i**2/2 - 104. Calculate b(1).
7
Let x(c) = -c**3 + 15*c**2 - c + 18. Let a be 274/18 + (-28)/126. Determine x(a).
3
Let g(q) be the third derivative of -q**6/120 + q**5/12 - q**4/8 + q**3/6 - 12*q**2. Let d be -4*((-6)/(-4) - 2). Give g(d).
7
Let y(u) = u + 4. Suppose r + p = -8, -r + 32 = -4*p + 15. Determine y(r).
1
Let h(t) = -t**2 - 4*t. Let o be (8/(-6))/(12/(-180)). Suppose 2*q - 12 = -o. Calculate h(q).
0
Let j(k) = k**3 - 7*k**2 - 10*k + 9. Let v be 2*12*(-1)/(-3). Give j(v).
-7
Let z(a) be the second derivative of 31*a**3/3 - a**2/2 - 365*a. Determine z(1).
61
Let y(x) = -x**2 + 7*x - 2. Let w be y(6). Let d(a) be the first derivative of a**3/3 - 2*a**2 - a + 1218. What is d(w)?
-1
Let m = 59 - 56. Let h(v) = 6*v**2 - 3*v - 5. Let q(i) = 7*i**2 - 3*i - 6. Let y(s) = -6*h(s) + 5*q(s). Let b be y(m). Let a(x) = x - 1. What is a(b)?
-1
Let c = 1620 + -1610. Let z(w) = -8*w + 9. Determine z(c).
-71
Let v(n) = 9*n - 32*n**2 + n**3 + 7 - 30*n**2 + 70*n**2. Determine v(-7).
-7
Let u be -4 - (-1 + -3 + -2). Let h(b) = 14*b**u + 6*b**3 - 2*b**3 + 2 + 12*b - 10 - 3*b**3. Let y be h(-13). Let p(a) = -a**3 + 6*a**2 - 2*a - 1. Give p(y).
14
Let r(s) = 2 - 483*s**2 + 240*s**2 + 244*s**2 - 4*s - 6*s. Give r(9).
-7
Let y(a) = -a**3 - 13*a**2 - 4*a - 52. Let m be y(-13). Let z(c) = c**3 + 8. Determine z(m).
8
Suppose 6*r - 2*r - 24 = 0. Let i(o) = o**2 - 7*o - 4. Calculate i(r).
-10
Suppose u = -3*z + 74, 4*u - z = z + 282. Let s = 70 - u. Let d(l) = 6*l + 2 + 3 - 6. Determine d(s).
-7
Let p(h) = -h - 1. Suppose 0 = w + 4 + 1. Let f be w - (2/(-2) + 1). Let u(d) = 2*d + 1. Let i(k) = f*p(k) - 4*u(k). Give i(-2).
7
Let h(f) be the third derivative of f**5/60 + 5*f**4/12 + 11*f**3/6 + 3*f**2. Determine h(-8).
-5
Let j be (-49)/(-7) + (-20)/4. Let i(b) = 3*b - b + 5*b**j - 2*b**3 + 3*b**3 + 0*b - 4. Determine i(-4).
4
Let u(z) = -z - 8. Let t = 399 + -399. Give u(t).
-8
Let a = 98 + -102. Let y(q) = 3*q**3 + 11*q**2 + 21. Let o(j) = j**3 + 4*j**2 + 7. Let m(u) = a*y(u) + 11*o(u). Calculate m(0).
-7
Let i(l) = l + 23. Suppose 0 = -37*y - 460 - 391. Give i(y).
0
Let w(p) = p**3 - 26. Suppose -64*n = -62*n. What is w(n)?
-26
Let q(x) = -11*x**3 + 11*x**2 - 10*x + 5. Let l(s) = 7*s**3 - 7*s**2 + 6*s - 3. Let k(i) = 8*l(i) + 5*q(i). Let t be (-2)/(-3) - 2/(-6). Determine k(t).
-1
Let p be (1 + 0)/(1 + 0). Let c(a) = -7*a**2 - 5*a - 3. Let i = 107 - 118. Let j(g) = 20*g**2 + 14*g + 8. Let m(z) = i*c(z) - 4*j(z). Give m(p).
-3
Let j(u) = u + 12. Let o(p) be the first derivative of p**3/3 + 3*p**2/2 + 2*p - 29. Let x be o(-1). Determine j(x).
12
Let u(m) = -5 - 1 + 5. Let p(k) = 10*k + 6. Let q(h) = p(h) + 5*u(h). Give q(-1).
-9
Let i(h) = 3*h - 3. Let g be 0 - (56/72 + 2/9). Let y be i(g). Let j(m) = m + 7. Determine j(y).
1
Let h(n) be the third derivative of -n**6/120 + 7*n**5/60 + n**4/4 - 2*n**3/3 + 36*n**2 + n. Give h(8).
-20
Let s be (1/3)/(11/66). Let t(d) = -6 - d**2 + d**3 + 8 + d**2. What is t(s)?
10
Let w(l) = 2*l**3 + 3*l**2 + 2*l. Let t(h) = -8*h**3 - 11*h**2 - 7*h. Let a(c) = -2*t(c) - 9*w(c). Let x = -18 + 15. Give a(x).
21
Let p(y) = -102 + 9*y + 192 + y**2 - 96. Let i(h) = -6*h**2 - 46*h + 32. Let z(q) = 3*i(q) + 16*p(q). What is z(4)?
-8
Let a = -31 + 33. Let v(y) = 5 - y + 2 + a*y - 4. Determine v(-6).
-3
Let n(s) = 4*s + 5 + 2*s**2 - 3*s**2 - 2. Let t(x) = x + 8. Let c be t(11). Suppose 1 = 4*i - c. What is n(i)?
-2
Let z(f) = -7*f**2 + 11*f**2 + 15*f**2 - 2*f - 1. Let s = -1344 - -1343. Calculate z(s).
20
Let v(s) = -7*s + 2 + s + 7*s. Suppose 4*b + 3*y + 35 = 0, 2*b - b - 2*y + 6 = 0. Let o be (-10)/2 + (-1)/(4/b). Determine v(o).
-1
Let w(o) = 2*o**3 - o**2 - 13*o - 8. Let x(d) = -d**3 + 7*d + 4. Let u = -26 - -23. Let l(a) = u*w(a) - 5*x(a). What is l(4)?
4
Let g(d) = -2*d**2 + d - 2. Let p be 2/(-4) + (-1323)/42. Let y = -28 - p. Suppose 0 = -2*u + o, 2*o + 3*o = y*u + 12. Determine g(u).
-8
Let t(x) be the second derivative of -x**2 + 5/24*x**4 - 5/6*x**3 + 0 - 1/60*x**5 - 7*x. Let i(w) be the first derivative of t(w). Determine i(5).
-5
Let i = 51 - 47. Let f(j) = -2 + 4*j + j - 6*j + i*j**2. Determine f(-2).
16
Let c(n) = 6 + 4*n + 7 - 33 - 3*n + 13. What is c(8)?
1
Let z(y) = -y + 2. Let o(j) = j**2 + 40*j + 148. Let i be o(-36). Give z(i).
-2
Let b(h) = 2*h**2 - 23*h + 8. Let t(m) = m**2 - 12*m + 4. Let o(n) = 4*b(n) - 7*t(n). Calculate o(10).
24
Suppose -a + 2*a - 51 = 2*u, -3*a - 155 = 5*u. Let r = 30 + u. Let m(y) = 2*y + 2*y - 3*y + r + 7. Calculate m(-8).
1
Let u(f) = -7*f**3 - f**2 - f. Let d(r) = -r**2 + 8*r - 2. Let p be d(7). Suppose 24 = 3*y - 0*y. Suppose -3 = -p*m - y. What is u(m)?
7
Let c(z) = -2*z**2 - 10*z + 13. Suppose 448*v = 451*v + 18. Calculate c(v).
1
Let z = 909 - 904. Let p(a) = a - 1. Let j be p(3). Let r(k) = -z*k**j + 4*k - 2*k - 3*k. Calculate r(1).
-6
Let p(h) be the second derivative of 13*h**3/6 - 87*h**2/2 + 2*h + 82. Determine p(7).
4
Let x(t) = t**3 + 6*t**2 + 2. Let m be x(-6). Let a(q) be the first derivative of 3 - q + 1/2*q**2. Give a(m).
1
Let a(n) = -2*n + 18. Let w be a(8). Suppose j = -j - 5*z - 13, -w*j + z + 5 = 0. Let u(t) = 14*t - 1. Determine u(j).
13
Let c(v) = -v + 12. Let l(x) = 21*x - 201. Let t(n) = -18*c(n) - l(n). Calculate t(-7).
6
Let s(d) be the first derivative of -d**4/4 - 13*d**3/3 - 11*d**2/2 + 4*d - 39. What is s(-12)?
-8
Let c(p) = -10*p + 47. Let r(s) = 6*s - 30. Let w(k) = -5*c(k) - 8*r(k). Calculate w(-4).
-3
Let a(n) = 0*n**3 - 5*n**3 - 6*n**2 - 6 - 4*n**3 + 7*n + 10*n**3. Let y = 110 + -105. Calculate a(y).
4
Let i(c) = -6*c**2 + 2*c + 7. Let u(q) = 5*q**2 - 2*q - 7. L